 when y(9) is divided by 14?
10
Let u = -105 + 222. Suppose 0 = 2*b - 67 - u. What is the remainder when b is divided by 31?
30
Suppose l = -2*b + 3*b - 83, 2*b - 5*l - 151 = 0. Let m = b - 20. Calculate the remainder when m is divided by 35.
33
Let q = 211 - 83. Suppose 9*p - 151 = q. What is the remainder when p is divided by 8?
7
Suppose 0 = -7*d - 5*d + 5616. Calculate the remainder when d is divided by 67.
66
Suppose -g + 51 = 5*h, 2*g + 2*g = -16. Suppose -42 = 6*f - 222. Calculate the remainder when f is divided by h.
8
Let u(z) = z**2 - 1. Let p be u(-1). Suppose -5*f + 0 - 30 = p. What is the remainder when 9 is divided by f*(1 + 2 + -4)?
3
Let u(q) = q**2 - 2*q + 1. Let h be u(3). Let l be (4/(-6))/((-100)/(-108) + -1). Let j = l - h. What is the remainder when j is divided by 4?
1
Let u(o) = -o**2 + 10*o + 15. Let t be u(12). Let x(q) = q**3 + 9*q**2 + 7. What is the remainder when (16/2 - 2)*3 is divided by x(t)?
4
Suppose 9 = v + 3*y, -2*v - y + 10 + 3 = 0. Let c(s) = 3*s**2 + 53*s + 3. What is the remainder when 3/(-2)*(-248)/v is divided by c(-18)?
20
Let f = -43 + 76. Calculate the remainder when 162 is divided by f.
30
Let j(r) = -r**3 + 2*r**2 + 5*r - 4. Let p be j(3). Suppose l - 2*m = p, 6 = 5*m - 4. What is the remainder when 9/3 - (4/(-1) + -8) is divided by l?
3
Let o(v) = 2*v**2 + 8*v + 6. Let s be o(-5). Suppose 4 = -5*k - 36. Let j = k + s. What is the remainder when 22 is divided by j?
6
Let t(l) = -4*l**3 - 4*l**2 + 7*l + 2. Let b be t(-4). Let d = b + -88. What is the remainder when d is divided by 21?
15
Let u = 343 - 293. Calculate the remainder when u is divided by 25.
0
What is the remainder when 6/((-3 - -1)*(-2)/216) is divided by 85?
69
Suppose d - 5*x - 52 = -10*x, -4*d + 3*x + 208 = 0. Suppose 432 = 3*z + z. Suppose 2*r - 6*r = -z. What is the remainder when d is divided by r?
25
Suppose -d + 4*d + 9 = 0. Let m(l) = -2*l - 25. Let x be m(-15). What is the remainder when x + 20 - (d + 1) is divided by 15?
12
Let u = -531 - -553. Calculate the remainder when 232 is divided by u.
12
Suppose r = 22 + 13. Let h = r - 20. Calculate the remainder when 28 is divided by h.
13
Let s = -110 - -102. Calculate the remainder when 43 is divided by (-6)/s*(2 - -18).
13
Let l be (1/(-3))/(1/(-6)). Suppose -2*n + 3*n + l = 0. Calculate the remainder when 29 - -2 - (n + 0) is divided by 18.
15
Calculate the remainder when 56 is divided by (-7 + (-9)/(-1))*7.
0
Let j(w) = w**3 + 6*w**2 + 2*w + 5. Let k be j(-5). Suppose -3*l - 8 = -k. Suppose 29 + 51 = l*d. What is the remainder when 98 is divided by d?
18
Suppose -127*a + 123*a + 140 = 2*l, -2*l + a = -125. What is the remainder when 249 is divided by l?
57
Let a(c) = -9*c - 160. Calculate the remainder when 668 is divided by a(-19).
8
Let r(t) = -11*t - 258. What is the remainder when r(-31) is divided by 22?
17
Let v(s) = 24*s**2 - 5*s - 12. Let d be v(-3). Let g = d - 156. Calculate the remainder when g is divided by 22.
19
Let c(h) = 0*h + 14*h**2 - h**3 - 4*h - 8 - 7. Let x be c(12). Let y = x + -148. What is the remainder when y is divided by 26?
25
Suppose 0 = v + 28 - 9. Calculate the remainder when 42 is divided by 1/(-2) - (-6)/(-12)*v.
6
Let k(i) = -i**3 - 15*i**2 + 32*i + 7. What is the remainder when k(-17) is divided by 5?
1
Suppose -g - 19 = -22. Suppose -7*q = -g*q - 52. Calculate the remainder when 21 is divided by q.
8
Let i(c) = -c**3 - 4*c**2 - 5*c - 5. What is the remainder when i(-4) is divided by (-6 + 2 + -1)*-1?
0
Let h(s) = s**2 - 9*s - 11. What is the remainder when h(20) is divided by 35?
34
Let c(s) = -13*s**2 + 3*s - 4. Let d be c(2). Let t = d + 70. Let j(w) = 37*w**3 - w + 1. What is the remainder when j(1) is divided by t?
17
Let d be 4/14 + 40/7. Suppose 5*j - 9 = d. Suppose j*x + 0*x - 162 = 0. What is the remainder when x is divided by 14?
12
Let a = -41 + 88. Let k = -1716 + 1724. What is the remainder when a is divided by k?
7
Suppose -3*d - 4 = -i - 0*d, 0 = 5*i + 4*d - 20. Suppose -t + i*n + 10 = 0, -t = 3*t - 2*n + 2. Let l = t + 4. Calculate the remainder when 3 is divided by l.
1
Suppose 7 + 8 = -5*u. Let o be (8/(-6))/(1/u). Suppose 0 = o*w - 32. What is the remainder when 14 is divided by w?
6
Suppose -10 = -5*u - 0. Suppose 0 = -x + u*x - 3. What is the remainder when (15/(-8) - 14/((-448)/12))*-2 is divided by x?
0
Calculate the remainder when (-144)/396 + 1570/22 is divided by 6.
5
Suppose 5*n = -3*n + 64. Let w(b) = -3*b - 1. What is the remainder when 140/n*4/5 is divided by w(-2)?
4
Let f = 128 - 103. Calculate the remainder when 31 is divided by f.
6
Let d(u) = -u**2 - 2. Let c(f) = -4*f**2 + 12*f - 29. Let j(a) = -c(a) + 3*d(a). What is the remainder when 45 is divided by j(11)?
9
Let g(j) = -20*j + 32. Calculate the remainder when g(-15) is divided by 56.
52
Suppose 0 = 3*y - 49 - 44. Calculate the remainder when 46 is divided by y.
15
Let s(z) = z**2 - 13*z - 14. Let c be s(14). Suppose 6*t - 5*t - 18 = c. What is the remainder when 71 is divided by t?
17
Let v(l) = l**3 + 3*l**2 - 4*l. Let z be v(-4). Suppose z = 13*c - 15*c + 22. Calculate the remainder when 16 is divided by c.
5
Let k(q) be the second derivative of q**4/12 + q**3 - 9*q**2/2 - 33*q. What is the remainder when 22 is divided by k(-8)?
1
Let h be 44/10 + (-6)/15. Suppose 0 = h*p - 4*s - 180, 2*p - s = 4*p - 78. Suppose -49 = -2*k - 7. Calculate the remainder when p is divided by k.
20
Let o = 24 - 10. What is the remainder when o is divided by 20/12*(-9)/(-5)?
2
Let z(j) = -73*j + 22. Calculate the remainder when z(0) is divided by (-40)/(-7) - 2/(-7).
4
What is the remainder when 207 is divided by (((-135)/(-10))/3 - 2)*14?
32
Let p = 70 - 67. Suppose 5*z + 6*i - p*i + 5 = 0, 5*z - 25 = 3*i. What is the remainder when 1 + 4/((-12)/(-15)) is divided by z?
0
Calculate the remainder when 86/4*(-7 + 13) is divided by 27.
21
Suppose -5*h + 88 = 4*g, 77*g = 74*g + 5*h + 66. What is the remainder when 124 is divided by g?
14
What is the remainder when 229 is divided by (-71)/(1 - 8 - -6)?
16
Let z = 98 + -93. Suppose 0 = -z*c + 2*p + 30 + 30, -5*p = 5*c - 25. What is the remainder when 28 is divided by c?
8
Suppose 4*u + 3 = 67. Suppose 5*f - u = 4. Calculate the remainder when 4 is divided by f.
0
Let r = -36 + 56. Let u(b) be the first derivative of b**4/4 + 4*b**3/3 - b**2/2 + 3*b + 10. What is the remainder when r is divided by u(-4)?
6
Let p = -30 - -28. Calculate the remainder when 8/(2/p - -2) is divided by 6.
2
Suppose g + 51 = 4*s, 20*s = 24*s + 5*g - 33. Calculate the remainder when 31 is divided by s.
7
Suppose 5*d = -3*j - 9, 0*d + 5*j + 15 = 3*d. Let q be (-2 + d)/((-1)/4). Suppose 20 = 10*l - q*l. What is the remainder when l is divided by 4?
2
What is the remainder when (-1924)/(-16) + (-8)/32 is divided by 23?
5
Let r(y) = -3*y + 2. Let a be r(-7). Let z = -16 + a. What is the remainder when z is divided by 6?
1
Suppose -2*z + 49*a - 52*a + 35 = 0, 5*z = -a + 81. What is the remainder when 334 is divided by z?
14
Let u = 200 - 160. Calculate the remainder when 104 is divided by u.
24
Calculate the remainder when 247 is divided by 486/6 - (-35)/7.
75
Let k = -6 + 4. Let q = k - -52. Let m = q + -34. What is the remainder when m is divided by 6?
4
Let x(q) = -7*q - 6. Suppose 4*c = -0*c + 20. Suppose 24 = c*p - 4*i, -i + 32 = 2*p + 3*i. What is the remainder when x(-5) is divided by p?
5
Suppose 0 = -4*p + p + 450. Suppose -3*a = -0 - p. Let j = -21 + a. What is the remainder when j is divided by 8?
5
Let u = 75 - 75. Suppose u = 2*f - 7 - 27. Calculate the remainder when 49 is divided by f.
15
Let t(r) = 90*r**3 + 15*r**2 + 9*r - 12. Calculate the remainder when t(3) is divided by 38.
34
Let l be (-146)/(-8) + 7/(-28). Suppose -2*z = -38 - l. What is the remainder when 137 is divided by z?
25
Calculate the remainder when 66 is divided by (14/4)/((-82)/(-20) + -4).
31
Let l(i) = 2*i**2 + 4*i + 15. Calculate the remainder when l(-6) is divided by 13.
11
Let p = -73 - -61. Let r(x) = x**3 - 5*x**2 - 8*x + 6. Let z be r(7). Let s = p + z. Calculate the remainder when s is divided by 13.
10
Suppose 28 = 4*t - 5*s, 3*s - 17 + 3 = -2*t. What is the remainder when 41 is divided by t?
6
Suppose o - 37 = -4*x, 4*o - 95 = 3*x + 34. Suppose 0 = -2*j + 5